/(-6). Calculate the highest common divisor of m and 8.
2
Let i = -67 + 76. What is the greatest common factor of i and 9?
9
Let c(a) = a + 7. Let t = 8 + -11. Let n be c(t). Calculate the highest common divisor of n and 6.
2
Suppose -t + 3*t = 66. Suppose -2*h = 3*j - t, 0*j + 5*h = -j + 11. What is the highest common divisor of 1 and j?
1
Let b = 12 - 9. Suppose 0 = -b*o + 6*o - 60. Calculate the greatest common factor of 60 and o.
20
Suppose -3*w = -w - 60. Suppose -4*a - w = -3*q, -2*a + 4 + 46 = 5*q. Let z = -7 - -11. Calculate the highest common divisor of q and z.
2
Suppose 2*i = -4*f + 22, 34 - 2 = 4*i + 5*f. Suppose -10 = -i*r + r. Calculate the highest common divisor of 2 and r.
1
Suppose 5*a - 54 = 1. Let b = 43 + -29. Let i = 69 - b. What is the highest common factor of a and i?
11
Let l(w) = 3*w - 4. Let x = 5 - 2. Let s be l(x). Suppose -i + s*i = 48. Calculate the greatest common divisor of i and 84.
12
Suppose 5*g - 72 = f, -g - 3*f + 54 = 2*g. Let a be (-1 + -1)/(2/(-75)). Calculate the highest common factor of a and g.
15
Suppose 0 = -5*i - 2*u - u + 85, -5*i - 4*u = -85. Suppose -y + 4*w - 31 = -4*y, 5*w = -4*y + 43. What is the greatest common factor of i and y?
17
Suppose -3 = n - 10. Suppose 2*l - 9 = v, 3*v - 2*l + n = -0*l. What is the highest common factor of v and 2?
1
Suppose 4*x + 0 = 48. Calculate the greatest common factor of 60 and x.
12
Let q = 76 - 51. Let a be q - 2*(-2)/4. What is the greatest common divisor of a and 13?
13
Let f = -103 + 271. Suppose 2*b = -b + f. Suppose 4*h = 35 - 7. What is the highest common factor of b and h?
7
Let y be 1 - 0 - (0 - -4). Let b = 8 + y. What is the greatest common factor of 2 and b?
1
Suppose 5 - 8 = -u. Calculate the highest common divisor of u and 2.
1
Let k be 2/(-2) - (-300)/3. What is the greatest common factor of 9 and k?
9
Let g(p) = p**3 + 13*p**2 + 3. Let i be g(-13). Let a be 58/6 + (-2)/i. What is the highest common divisor of a and 54?
9
Let k = -13 - -18. Calculate the highest common divisor of k and 5.
5
Let j = 1 + 1. Suppose 0 = -4*k - 2*b + 31 + 41, 2*k - j*b - 24 = 0. Suppose 82 = 3*w + k. What is the highest common factor of w and 2?
2
Suppose 0 = -7*x + 2*x + 120. Suppose 24 = k + 8. Let c be 45/2*k/6. What is the highest common factor of c and x?
12
Let y(i) = -2*i - 6. Let h be y(-4). Let c be h/(-2) + 0 - -23. Let s = 32 - c. Calculate the highest common factor of 2 and s.
2
Let o(u) = -2*u - 10. Let v be o(-9). Calculate the greatest common divisor of v and 40.
8
Let b be 1/(2/(-12)*-2). Suppose k = 3*a + 21, b*k + 27 = 5*k - a. What is the highest common factor of k and 8?
4
Let b = 79 - 15. What is the greatest common divisor of b and 96?
32
Let j(i) be the third derivative of i**6/10 - i**5/20 + i**4/24 + i**3/3 - 2*i**2. Let r be j(2). Calculate the greatest common divisor of 8 and r.
8
Suppose 0 = 4*h + 2*x - 50, 4*h = x + x + 70. What is the greatest common divisor of 25 and h?
5
Let b = -11 - -6. Let h(q) = -q**2 - 2*q - 7*q + 3*q - 3 - q. Let j be h(b). Calculate the highest common factor of 56 and j.
7
Suppose 2*o + 3 = 23. What is the greatest common factor of o and 15?
5
Let m = -25 - -30. Calculate the greatest common factor of m and 45.
5
Let n(o) = -o**3 + 14*o**2 + 14. Let v be n(14). Suppose -6*r + 7*r = v. Calculate the greatest common divisor of 98 and r.
14
Let j = -7 - -12. Suppose -4*n + 32 = -0*q + 4*q, -5*n + j*q = 10. Calculate the highest common factor of n and 3.
3
Suppose -4*d + 4*k = -80, -d + 0*d + 3*k = -30. What is the highest common divisor of d and 30?
15
Suppose -4*q - 4 = 4*x, 4*x - 4*q = 2*x - 2. Let a(o) = -15*o**2 - o. Let j be a(x). Let h be (-2)/j - (-52)/28. Calculate the highest common factor of 2 and h.
2
Suppose 8*s = 3*s - 695. Let n = s - 33. Let j = -116 - n. What is the highest common divisor of j and 8?
8
Suppose p + 2*p + 336 = 0. Let u = 2 - p. Let x be u - (1 - 2/(-2)). Calculate the greatest common factor of x and 14.
14
Suppose -3*w + 243 = 3*t, 0 = -5*w - 3*t + 119 + 292. What is the greatest common factor of 28 and w?
28
Let c be 0 + 6 + (3 - 4). Suppose -4*z + 123 = -i, 2*i + 3*i + 165 = c*z. Calculate the greatest common factor of z and 6.
6
Suppose -15*p = -17*p + 24. Calculate the greatest common factor of p and 24.
12
Let x(a) = -a**2 - 17*a + 28. Let t be x(-16). What is the greatest common divisor of 176 and t?
44
Suppose 4*i + 0 = 12. What is the highest common factor of i and 6?
3
Let n = 26 + -3. Let o(m) = 3*m**2 - 7*m - 6. Let y be o(7). Calculate the greatest common divisor of n and y.
23
Let f be (48/(-32))/(3/(-4)). Calculate the greatest common divisor of 18 and f.
2
Let y be ((-32)/1)/(-2 - -1). Suppose 4 = 57*w - 56*w. What is the greatest common factor of w and y?
4
Let a(s) = s**3 + 6*s**2 - s - 3. Let w be a(-6). Suppose -5*l + 103 = 4*k, w*k - 71 = -4*l + 11. Let n = l - 6. What is the highest common factor of n and 39?
13
Suppose -d + 16 = -0*d - 4*i, 58 = 5*d + 2*i. Suppose -j - 2 = -d. Let u = -86 + 156. Calculate the highest common divisor of u and j.
10
Let i(b) = 31*b**2 - 2. Let u be i(3). Suppose u - 107 = 5*s. What is the greatest common factor of s and 51?
17
Suppose n - 4 = 4. Suppose 4*i - j = j + 262, 5*j - 305 = -5*i. Calculate the greatest common factor of i and n.
8
Suppose 149 = 5*v + a, 5*v = 2*v + 3*a + 93. What is the highest common factor of v and 6?
6
Suppose 4*q = 46 + 6. Calculate the greatest common divisor of 117 and q.
13
Suppose 2*w + 0*w + 34 = 3*o, 3*o - 40 = -4*w. What is the highest common factor of o and 24?
12
Let b = 15 + -7. Let p be ((-36)/b)/((-1)/24). Let s(z) = -z**2 - 8*z - 3. Let j be s(-5). Calculate the highest common factor of j and p.
12
Let z be (2/2)/(5*(-1)/(-15)). What is the greatest common divisor of 3 and z?
3
Let q(g) = g - 1. Let y(w) = -w + 2. Let i(k) = 6*q(k) + 4*y(k). Let u = -1 - -3. Let t be i(u). Calculate the highest common divisor of t and 42.
6
Let b be (-2)/(((-22)/60)/11). What is the greatest common factor of 15 and b?
15
Suppose -421 + 85 = -12*k. Calculate the highest common divisor of 196 and k.
28
Suppose -2*h = 3*h - 2*l - 335, 345 = 5*h - 4*l. Calculate the highest common divisor of h and 195.
65
Let i(y) = 8*y**2 + 2*y + 1. Let p be i(-1). Calculate the highest common divisor of 21 and p.
7
Let x(v) = 9*v**2. Let o be x(-1). Suppose i = -2*i - q + 543, 2*q - 6 = 0. Suppose 6*s - 2*s = i. What is the highest common factor of s and o?
9
Let w be 259/5 - 3/(-15). Suppose 538 = 5*m + 148. Calculate the greatest common factor of m and w.
26
Let s(a) = a**2 - 4*a - 6. Let z be s(5). Let i be -2*z/2 + 2. Suppose -x = i*x - 100. What is the greatest common factor of x and 5?
5
Let x(u) = -u - 3. Let b be x(-7). Suppose -n + 30 = -3*l, b*n + 1 = -4*l - 23. Let y = 6 - l. What is the greatest common divisor of y and 6?
3
Let n = -148 + 222. Calculate the highest common divisor of 185 and n.
37
Suppose 0 = -5*t + t - 3*g + 32, -3*t + 31 = 4*g. Calculate the greatest common factor of 5 and t.
5
Let g(z) = 6*z - 1. Let s be g(-1). Let q = 4 - s. Let a = 20 - 9. Calculate the greatest common divisor of q and a.
11
Let w(z) = -z**2 - 8*z - 4. Let g be w(-5). What is the highest common divisor of g and 121?
11
Let b be (-1)/(-2) + (-10)/(-4). Suppose 60 = -b*j + 6*j. Calculate the greatest common factor of j and 20.
20
Suppose 0 = -3*j + 2*r - 11 + 27, 4*j - 3*r = 22. What is the greatest common factor of j and 4?
4
Suppose 2*a + 3*a = -2*h + 265, 0 = -h - a + 125. Suppose 2*n - h = -3*n. Calculate the highest common divisor of 6 and n.
6
Let m = 44 + -8. What is the greatest common divisor of m and 12?
12
Let g = 62 - 4. Let f = -31 + g. Calculate the highest common divisor of 9 and f.
9
Let f = 30 + -11. Calculate the highest common divisor of 19 and f.
19
Let v = 3 + -3. Suppose -5*h + 1 + 14 = v. Let t be 4/6*h + 0. What is the highest common factor of t and 5?
1
Suppose -4*b - 4*s + 44 = 0, 3*s = -3 - 0. Calculate the highest common factor of 18 and b.
6
Let z = 1 + -2. Let r be (14*4)/1 + z. Suppose 6*m - 55 = m. What is the highest common factor of m and r?
11
Let d be 4/(-12) + 57/18*2. Calculate the greatest common divisor of d and 66.
6
Let n = -32 + 49. Let a(s) = s**2 + 4. Let p be a(0). Suppose 